of z(-5).
2, 17
Let a = -11 - -14. Suppose 0 = a*o - 0*o - 114. What are the prime factors of o?
2, 19
Let q(c) be the second derivative of -c**3/3 + 3*c. What are the prime factors of q(-6)?
2, 3
Suppose -26 = 3*z - 74. List the prime factors of z.
2
Let m(i) = i**3 - 4*i**2 + 2*i - 2. Let b be m(4). Let c(f) be the third derivative of -f**5/60 + 3*f**4/8 - 4*f**3/3 - f**2. List the prime factors of c(b).
2, 5
Suppose 4 = d + 5*b - 3, 3*d - 5*b - 1 = 0. Suppose -2*o + 11 = r, 4*r - 17 = -d*o + r. List the prime factors of (18/4)/(2/o).
3
List the prime factors of 115/2*(-12)/(-10).
3, 23
List the prime factors of 10/65 + (-3703)/(-13).
3, 5, 19
Suppose -13*c - 580 = -18*c. List the prime factors of c.
2, 29
Let g(j) = -j - 1. Let n be g(-4). Suppose -5*q - n*a + 41 = -98, 6 = 2*a. Let f = q + -18. List the prime factors of f.
2
Let o(m) = m - 2. Let z be 4/(-10) + 52/5. List the prime factors of o(z).
2
What are the prime factors of (-24 - 11)*(-4)/5?
2, 7
Suppose -4 + 10 = 2*r. List the prime factors of r.
3
Let w(k) = -k**3 - 8*k**2 - 2*k - 39. List the prime factors of w(-10).
181
Let r be -30*(2/1)/(-2). Let v be (-2)/(-3)*1*r. What are the prime factors of (-2)/6 + v/6?
3
Let n = 196 + 121. List the prime factors of n.
317
List the prime factors of 208/3 + 3*(-2)/18.
3, 23
Let m(g) = -g**3 + 6*g**2 - 4*g - 1. Let h be m(5). List the prime factors of (h/6)/(8/192).
2
Suppose -3*l - 2*l - 15 = 0. What are the prime factors of -3*l/9*7?
7
Suppose -172 = -5*l - 3*v, 5*l + 4*v - 68 - 108 = 0. What are the prime factors of l?
2
Suppose -2*s + 5*x = -4*s + 21, 0 = -2*s + 2*x. Let i(o) = -o**3 + 4*o**2 + 4*o - 3. List the prime factors of i(s).
2, 3
Let f(s) = 0 + 10 - 4*s**2 - 2 - 5*s - 3*s**2 - s**3. Let w be f(-6). Suppose -2 = -w*o + 14. List the prime factors of o.
2
Let c = 231 - 107. Suppose -4*i + 4*d + c - 32 = 0, -3*i + 54 = 2*d. List the prime factors of i.
2, 5
Let w be -1 + 2 - 0 - 21. What are the prime factors of 14/3*(-90)/w?
3, 7
Suppose 4*x = x + 9. Suppose 0 = x*l - 71 + 8. What are the prime factors of ((-4)/6)/((-1)/l)?
2, 7
What are the prime factors of (-506)/(-10) - 12/(-30)?
3, 17
What are the prime factors of 12/(-12)*(0 + 1) + 3?
2
Suppose 4*d + 12 = 3*g - 5*g, -3*g - 3*d = 24. Let i be (-8)/6*45/g. What are the prime factors of (44/(-8))/((-3)/i)?
11
Let a(u) = 13*u - 5. Let j be a(4). Let z(v) = 2*v**2 + 8*v + 2. Let c be z(-6). Let x = j - c. List the prime factors of x.
3, 7
List the prime factors of (27/12)/((-9)/(-48)).
2, 3
Let x(u) = -u + 11. Let g(w) = 3 - 3 + 1 - 8*w. Let k be g(-1). What are the prime factors of x(k)?
2
Let w be 52/8 + (-2)/4. Let f be w/6 + -1 + 9. Let r = 25 - f. What are the prime factors of r?
2
Let u = 3 + -5. Let s be (-6)/4 + u/(-4). List the prime factors of (-4)/(s - 2/(-6)).
2, 3
Let h(i) = i + 3. Let m be h(0). Let n = m + 1. What are the prime factors of n?
2
Let s = 17 - 39. Let m be (s/4)/(3/(-6)). What are the prime factors of (m/4)/((-3)/(-12))?
11
What are the prime factors of -3 + 1 + 53 + -4?
47
Let v(z) = -z**2 - 12*z - 1. What are the prime factors of v(-7)?
2, 17
Suppose 0 = -3*s - f + 543, -4*f = s - 0*f - 181. What are the prime factors of s?
181
What are the prime factors of (-10)/5 - 76/(-2)?
2, 3
List the prime factors of 2334/12 + -6 + 2/(-4).
2, 47
Let r(n) = n**3 + 5*n**2 - 9*n - 7. Let t = 41 + -29. Suppose -3*c + c - t = 0. What are the prime factors of r(c)?
11
Suppose h + 1 = -0*h, 5*z + 54 = h. Let x = 7 - z. List the prime factors of x.
2, 3
Let t be ((-8)/(-5))/((-2)/(-5)). Suppose x + 2*x - 96 = -2*l, t*l - 190 = -5*x. Suppose -2*d - o + l = 0, 2*o - 2 = -0*o. What are the prime factors of d?
2, 11
Let t(i) = 7*i**2 + 20*i + 1. Let u(j) = 3*j**2 + 10*j + 1. Let p(w) = 2*t(w) - 5*u(w). Let v(y) = y - 4. Let c be v(-3). List the prime factors of p(c).
2, 3
List the prime factors of (1/(-2))/(9/(-4518)).
251
Let w(j) = j - 1 - 4 + 3. List the prime factors of w(5).
3
Suppose 4*y - 6 = 5*y. List the prime factors of -12*(y/(-4) - 2).
2, 3
Suppose 66 + 88 = 2*s. What are the prime factors of s/5 - 14/35?
3, 5
Let r(o) = o**3 + 9 - o - 3 - 2*o**3. Suppose -5*c + 4*g = 12, c + 3*c + 2*g - 6 = 0. What are the prime factors of r(c)?
2, 3
What are the prime factors of 2/(8/947) + (-2)/(-8)?
3, 79
Let l(i) = -i**3 + i**2 + i + 117. What are the prime factors of l(0)?
3, 13
Let m = 10 - 8. Suppose 4*a = -5*v - a + 20, 2*v - a = m. List the prime factors of v.
2
Let y be 0*(2 - (0 - -1)). List the prime factors of 30 - y - (1 + 1).
2, 7
Suppose 3*j = 3*g - 21, 2*j - 3*g - 1 + 12 = 0. Suppose -22 = -5*z - 5*l + 63, 2*z - l = 25. Let a = z + j. List the prime factors of a.
2
Suppose -x - 13 = -n + 1, -2*x + 3*n - 29 = 0. What are the prime factors of (-3 - x) + 2 - -2?
2, 7
Let y be 5/(-15) - 38/(-6). Suppose -y*j + 2*j + 8 = 0. Suppose -4*x = -j*x - 14. What are the prime factors of x?
7
Suppose 0 = b + 5 + 1. Let m = b + 4. Let n = m - -5. List the prime factors of n.
3
List the prime factors of (68/(-6))/((-22)/561).
17
Suppose 0 = -3*j - 4*t + 51, -2*t - 58 = -4*j - 4*t. What are the prime factors of j?
13
Let g = 11 - -4. Let w = g - 6. List the prime factors of w.
3
Suppose 2*x - 4*x = 0. Suppose 0*h + h = x. Suppose b + 0*b - 2 = h. What are the prime factors of b?
2
Let x = -8 + 11. Suppose -3*p + c = -6, x*p - p = 2*c + 4. Suppose -3*s + 5*o + p = -0*s, 4*o = 8. List the prime factors of s.
2
Suppose 4*i = 3*t + 1, 3*t + 3 = -4*i + 10. List the prime factors of -1*((3 - t) + -30).
2, 7
Let j(g) = g**2 + 7*g + 8. Suppose -i = -4*o + 17, -o + 4*i = -3*o + 4. Suppose -17 - 7 = o*c. List the prime factors of j(c).
2
Suppose -3*v + t = -13, -v - 3*v = -5*t - 10. Suppose -15 = 2*d - v. Let b = d - -17. What are the prime factors of b?
2, 3
Let q = 452 - 250. List the prime factors of q.
2, 101
Suppose -w + 5*w - 84 = 0. What are the prime factors of w?
3, 7
Let s(w) = -w + 2. Let z(f) = 2*f - 4. Let y(h) = -5*s(h) - 3*z(h). Let l be y(0). Suppose -l*n + 6 = -6. What are the prime factors of n?
2, 3
Suppose 3*m = -m + 36. What are the prime factors of m?
3
Let k(i) = -i**2 + 26*i - 19. What are the prime factors of k(15)?
2, 73
Let l(m) = -25*m - 11. Let y(n) = -12*n - 5. Let h(c) = 6*l(c) - 13*y(c). List the prime factors of h(5).
29
Suppose 3 + 9 = 4*y. Let w(s) = -s - s**2 + y - 5 + s**3 - 1. What are the prime factors of w(3)?
2, 3
Suppose -v - 4*v = 255. Let g = v + 107. List the prime factors of 4/2*g/16.
7
Let u = -3 - -1. List the prime factors of u - (-1 - -20)/(-1).
17
Suppose -4*t + 4*p + 88 = 2*p, 0 = 3*p + 6. Let g = t - 7. List the prime factors of g.
2, 7
Let q(d) = 3*d**2 - 3*d - 2 + 2*d + 3*d. What are the prime factors of q(-2)?
2, 3
Suppose 0 = -2*x - x + 24. Suppose x*u - 5*u = 6. Suppose 2*a + u*a = 44. What are the prime factors of a?
11
Suppose 2*p - 178 - 4 = 0. What are the prime factors of p?
7, 13
Let v(s) = s**3 - 4*s**2 - 3*s + 3. Let p be v(4). Suppose 6 = -4*i - 2*t, -i + 6 = 3*t - t. What are the prime factors of (-42)/p + i/6?
2
Suppose 3*z - 18 + 3 = 0. Suppose -z*a - 4*m + 124 = -a, -3*a + 88 = -2*m. What are the prime factors of a?
2, 3, 5
List the prime factors of (-514)/(-10) + 4/(-10).
3, 17
Suppose -2*m + m = 4*o, -2*m = 4*o - 12. List the prime factors of (3/(-2))/((-6)/m).
3
Suppose 0 = -4*k + 9 + 3. List the prime factors of (-3 - 80/(-12))*k.
11
Let m = -83 + 146. List the prime factors of m.
3, 7
Suppose 4*j - 7 = 5*j. Let r = 1 - j. List the prime factors of r.
2
Let u = 10 - 4. Suppose u - 26 = -4*k. Suppose k*l - l = 12. List the prime factors of l.
3
Suppose 296 + 664 = 5*r. What are the prime factors of r?
2, 3
Suppose -12 = -4*b + 3*b. Suppose 2*x = -3*x + d + b, 5*d = 5*x - 20. List the prime factors of x.
2
What are the prime factors of 1 - 2 - (-133 - 0)?
2, 3, 11
Let u = 31 + -26. What are the prime factors of u?
5
Suppose -2*t = 2*z - 30, -3*t - 2*z + z + 43 = 0. List the prime factors of t.
2, 7
Suppose -w = -q - 4, -4*w = -6*w + q + 5. Let g(z) = 4*z**3 - z**2. Let b be g(w). Suppose 3*u - 24 = -3*p, -2*u = 3*p - 14 + b. List the prime factors of u.
13
Let t(z) = z**2 + 3*z + 5. List the prime factors of t(-10).
3, 5
Let f(d) = d + 1. Let v be f(7). Suppose -5*b = -28 + v. Let p = -2 + b. What are the pri